
What is the remainder when 96 is divided by 29?
9
What is the remainder when 3076 is divided by 9?
7
Calculate the remainder when 955 is divided by 3.
1
Calculate the remainder when 364 is divided by 64.
44
What is the remainder when 50551 is divided by 161?
158
What is the remainder when 1454 is divided by 209?
200
Calculate the remainder when 97 is divided by 56.
41
What is the remainder when 736 is divided by 107?
94
What is the remainder when 354 is divided by 12?
6
Calculate the remainder when 146 is divided by 15.
11
What is the remainder when 403 is divided by 258?
145
Calculate the remainder when 353 is divided by 73.
61
What is the remainder when 68 is divided by 18?
14
Calculate the remainder when 17895 is divided by 38.
35
Calculate the remainder when 297 is divided by 99.
0
Calculate the remainder when 1235 is divided by 12.
11
What is the remainder when 31 is divided by 23?
8
What is the remainder when 1747 is divided by 34?
13
What is the remainder when 339 is divided by 31?
29
What is the remainder when 1943 is divided by 214?
17
Calculate the remainder when 326 is divided by 33.
29
Calculate the remainder when 1151 is divided by 48.
47
What is the remainder when 11213 is divided by 42?
41
Calculate the remainder when 151 is divided by 51.
49
What is the remainder when 163 is divided by 24?
19
Calculate the remainder when 14 is divided by 8.
6
What is the remainder when 2609 is divided by 98?
61
What is the remainder when 643 is divided by 176?
115
Calculate the remainder when 799 is divided by 32.
31
What is the remainder when 1134 is divided by 227?
226
Calculate the remainder when 503 is divided by 22.
19
What is the remainder when 183 is divided by 19?
12
Calculate the remainder when 5322 is divided by 44.
42
Calculate the remainder when 1245 is divided by 52.
49
Calculate the remainder when 1241 is divided by 184.
137
Calculate the remainder when 228 is divided by 111.
6
Calculate the remainder when 202 is divided by 29.
28
What is the remainder when 44 is divided by 29?
15
What is the remainder when 2632 is divided by 1298?
36
Calculate the remainder when 710 is divided by 92.
66
What is the remainder when 6087 is divided by 3?
0
What is the remainder when 140 is divided by 37?
29
Calculate the remainder when 385 is divided by 355.
30
What is the remainder when 135 is divided by 47?
41
What is the remainder when 959 is divided by 189?
14
Calculate the remainder when 16246 is divided by 211.
210
Calculate the remainder when 1451 is divided by 15.
11
What is the remainder when 430 is divided by 48?
46
Calculate the remainder when 195 is divided by 11.
8
What is the remainder when 37277 is divided by 114?
113
Calculate the remainder when 178 is divided by 153.
25
Calculate the remainder when 242 is divided by 61.
59
What is the remainder when 117 is divided by 20?
17
Calculate the remainder when 685 is divided by 53.
49
What is the remainder when 1179 is divided by 41?
31
What is the remainder when 114 is divided by 39?
36
What is the remainder when 444 is divided by 162?
120
What is the remainder when 528 is divided by 138?
114
What is the remainder when 992 is divided by 246?
8
What is the remainder when 94 is divided by 28?
10
Calculate the remainder when 102 is divided by 13.
11
What is the remainder when 6070 is divided by 9?
4
Calculate the remainder when 300 is divided by 107.
86
Calculate the remainder when 164 is divided by 57.
50
What is the remainder when 159 is divided by 156?
3
Calculate the remainder when 862 is divided by 41.
1
What is the remainder when 68 is divided by 36?
32
Calculate the remainder when 237 is divided by 16.
13
What is the remainder when 420 is divided by 91?
56
What is the remainder when 107 is divided by 86?
21
Calculate the remainder when 946 is divided by 234.
10
Calculate the remainder when 7541 is divided by 23.
20
Calculate the remainder when 828 is divided by 65.
48
Calculate the remainder when 5972 is divided by 72.
68
Calculate the remainder when 156 is divided by 16.
12
Calculate the remainder when 128 is divided by 19.
14
Calculate the remainder when 465 is divided by 114.
9
What is the remainder when 293 is divided by 93?
14
What is the remainder when 637 is divided by 156?
13
Calculate the remainder when 191 is divided by 53.
32
Calculate the remainder when 352 is divided by 108.
28
What is the remainder when 15088 is divided by 27?
22
What is the remainder when 95 is divided by 56?
39
Calculate the remainder when 63 is divided by 8.
7
What is the remainder when 143 is divided by 75?
68
What is the remainder when 146 is divided by 33?
14
What is the remainder when 91 is divided by 27?
10
Calculate the remainder when 102 is divided by 16.
6
Calculate the remainder when 47 is divided by 16.
15
What is the remainder when 550 is divided by 15?
10
What is the remainder when 4543 is divided by 86?
71
What is the remainder when 205 is divided by 53?
46
Calculate the remainder when 256 is divided by 239.
17
Calculate the remainder when 19447 is divided by 221.
220
Calculate the remainder when 1930 is divided by 174.
16
Calculate the remainder when 25 is divided by 4.
1
What is the remainder when 171 is divided by 16?
11
Calculate the remainder when 324 is divided by 92.
48
Calculate the remainder when 288 is divided by 91.
15
Calculate the remainder when 1763 is divided by 26.
21
What is the remainder when 200 is divided by 62?
14
What is the remainder when 118 is divided by 25?
18
Calculate the remainder when 92 is divided by 70.
22
What is the remainder when 1454 is divided by 18?
14
Calculate the remainder when 70 is divided by 44.
26
What is the remainder when 1094 is divided by 287?
233
Calculate the remainder when 683 is divided by 24.
11
Calculate the remainder when 38 is divided by 38.
0
Calculate the remainder when 541 is divided by 32.
29
Calculate the remainder when 967 is divided by 163.
152
What is the remainder when 103 is divided by 23?
11
What is the remainder when 530 is divided by 89?
85
Calculate the remainder when 624 is divided by 17.
12
Calculate the remainder when 235 is divided by 34.
31
What is the remainder when 2408 is divided by 36?
32
Calculate the remainder when 1431 is divided by 388.
267
Calculate the remainder when 164 is divided by 47.
23
Calculate the remainder when 2408 is divided by 82.
30
What is the remainder when 4274 is divided by 15?
14
What is the remainder when 383 is divided by 212?
171
Calculate the remainder when 34 is divided by 21.
13
Calculate the remainder when 25 is divided by 18.
7
Calculate the remainder when 3037 is divided by 44.
1
Calculate the remainder when 1115 is divided by 186.
185
Calculate the remainder when 764 is divided by 205.
149
Calculate the remainder when 338 is divided by 113.
112
Calculate the remainder when 250 is divided by 88.
74
What is the remainder when 854 is divided by 96?
86
Calculate the remainder when 2188 is divided by 1089.
10
What is the remainder when 1045 is divided by 35?
30
Calculate the remainder when 271 is divided by 46.
41
Calculate the remainder when 289 is divided by 27.
19
Calculate the remainder when 315 is divided by 22.
7
What is the remainder when 163 is divided by 41?
40
Calculate the remainder when 11705 is divided by 4.
1
What is the remainder when 5 is divided by 1?
0
Calculate the remainder when 10767 is divided by 11.
9
What is the remainder when 520 is divided by 18?
16
What is the remainder when 1748 is divided by 125?
123
What is the remainder when 248 is divided by 69?
41
Calculate the remainder when 142 is divided by 45.
7
Calculate the remainder when 3910 is divided by 11.
5
What is the remainder when 934 is divided by 24?
22
What is the remainder when 702 is divided by 22?
20
What is the remainder when 714 is divided by 55?
54
What is the remainder when 2214 is divided by 13?
4
What is the remainder when 222 is divided by 59?
45
Calculate the remainder when 1320 is divided by 49.
46
Calculate the remainder when 50 is divided by 8.
2
Calculate the remainder when 170 is divided by 151.
19
What is the remainder when 1584 is divided by 61?
59
Calculate the remainder when 168 is divided by 25.
18
Calculate the remainder when 476 is divided by 135.
71
Calculate the remain